{"id":957,"date":"2023-10-17T18:09:45","date_gmt":"2023-10-17T18:09:45","guid":{"rendered":"https:\/\/iran3037.cl\/web\/?page_id=957"},"modified":"2026-01-07T19:48:32","modified_gmt":"2026-01-07T19:48:32","slug":"haz-tu-aporte-ayuda-a-preservar-la-memoria","status":"publish","type":"page","link":"https:\/\/iran3037.cl\/web\/haz-tu-aporte-ayuda-a-preservar-la-memoria\/","title":{"rendered":"Haz tu aporte: Ayuda a preservar la Memoria"},"content":{"rendered":"\n<p><strong>La Asociaci\u00f3n de Memoria y Derechos Humanos Venda Sexy<\/strong>, entidad privada sin fines de lucro creada el 18 de diciembre 2013, busca rescatar y difundir la resistencia y las memorias individuales y colectivas del terrorismo de estado y violencia pol\u00edtico sexual, mediante la recuperaci\u00f3n y gesti\u00f3n del ex centro clandestino de secuestro, tortura y exterminio Venda Sexy, con \u00e9nfasis en g\u00e9nero, justicia y territorio , a trav\u00e9s de la gesti\u00f3n, administraci\u00f3n y resguardo patrimonial del sitio de memoria Ir\u00e1n 3037 ex Centro de Secuestro, tortura y exterminio Venda Sexy.<br><\/p>\n\n\n\n<p>Nuestra Asociaci\u00f3n agradece vuestro aporte tan necesario para mantener las memorias de esta Casa a trav\u00e9s de distintas actividades conmemorativas, culturales y educativas.<\/p>\n\n\n\n<p><br><strong>Donaciones<\/strong><br>Asociaci\u00f3n de Memoria y Derechos Humanos Venda Sexy<br>Cuenta corriente Banco Santander &#8211; 90946153<br>RUT: 65.085.716-K<br>Correo electr\u00f3nico: <a href=\"mailto:sitiodememoriairan3037@gmail.com\">sitiodememoriairan3037@gmail.com<\/a> <\/p>\n\n\n\n<p><\/p>\n\n\n\n<p><strong>Para donaciones desde el extranjero: c\u00f3digo SWIFT: BSCHCLRM<\/strong><\/p>\n\n\n\n<figure class=\"wp-block-image size-full\"><a href=\"https:\/\/iran3037.cl\/web\/wp-content\/uploads\/2026\/01\/Diseno-sin-titulo-32-1.png\"><img loading=\"lazy\" decoding=\"async\" width=\"1200\" height=\"800\" src=\"https:\/\/iran3037.cl\/web\/wp-content\/uploads\/2026\/01\/Diseno-sin-titulo-32-1.png\" alt=\"\" class=\"wp-image-18079\" srcset=\"https:\/\/iran3037.cl\/web\/wp-content\/uploads\/2026\/01\/Diseno-sin-titulo-32-1.png 1200w, https:\/\/iran3037.cl\/web\/wp-content\/uploads\/2026\/01\/Diseno-sin-titulo-32-1-300x200.png 300w, https:\/\/iran3037.cl\/web\/wp-content\/uploads\/2026\/01\/Diseno-sin-titulo-32-1-1024x683.png 1024w, https:\/\/iran3037.cl\/web\/wp-content\/uploads\/2026\/01\/Diseno-sin-titulo-32-1-768x512.png 768w\" sizes=\"auto, (max-width: 1200px) 100vw, 1200px\" \/><\/a><\/figure>\n","protected":false},"excerpt":{"rendered":"<p>La Asociaci\u00f3n de Memoria y Derechos Humanos Venda Sexy, entidad privada sin fines de lucro creada el 18<\/p>\n","protected":false},"author":3,"featured_media":18078,"parent":0,"menu_order":0,"comment_status":"closed","ping_status":"closed","template":"","meta":{"om_disable_all_campaigns":false,"_eb_attr":"","_uag_custom_page_level_css":"","_monsterinsights_skip_tracking":false,"_monsterinsights_sitenote_active":false,"_monsterinsights_sitenote_note":"","_monsterinsights_sitenote_category":0,"iawp_total_views":503,"footnotes":""},"class_list":["post-957","page","type-page","status-publish","has-post-thumbnail","hentry"],"aioseo_notices":[],"uagb_featured_image_src":{"full":["https:\/\/iran3037.cl\/web\/wp-content\/uploads\/2026\/01\/Diseno-sin-titulo-32.png",1200,800,false],"thumbnail":["https:\/\/iran3037.cl\/web\/wp-content\/uploads\/2026\/01\/Diseno-sin-titulo-32-150x150.png",150,150,true],"medium":["https:\/\/iran3037.cl\/web\/wp-content\/uploads\/2026\/01\/Diseno-sin-titulo-32-300x200.png",300,200,true],"medium_large":["https:\/\/iran3037.cl\/web\/wp-content\/uploads\/2026\/01\/Diseno-sin-titulo-32-768x512.png",640,427,true],"large":["https:\/\/iran3037.cl\/web\/wp-content\/uploads\/2026\/01\/Diseno-sin-titulo-32-1024x683.png",640,427,true],"1536x1536":["https:\/\/iran3037.cl\/web\/wp-content\/uploads\/2026\/01\/Diseno-sin-titulo-32.png",1200,800,false],"2048x2048":["https:\/\/iran3037.cl\/web\/wp-content\/uploads\/2026\/01\/Diseno-sin-titulo-32.png",1200,800,false],"morenews-large":["https:\/\/iran3037.cl\/web\/wp-content\/uploads\/2026\/01\/Diseno-sin-titulo-32-825x575.png",825,575,true],"morenews-medium":["https:\/\/iran3037.cl\/web\/wp-content\/uploads\/2026\/01\/Diseno-sin-titulo-32-590x410.png",590,410,true]},"uagb_author_info":{"display_name":"Editor","author_link":"https:\/\/iran3037.cl\/web\/author\/zeta\/"},"uagb_comment_info":0,"uagb_excerpt":"La Asociaci\u00f3n de Memoria y Derechos Humanos Venda Sexy, entidad privada sin fines de lucro creada el 18","_links":{"self":[{"href":"https:\/\/iran3037.cl\/web\/wp-json\/wp\/v2\/pages\/957","targetHints":{"allow":["GET"]}}],"collection":[{"href":"https:\/\/iran3037.cl\/web\/wp-json\/wp\/v2\/pages"}],"about":[{"href":"https:\/\/iran3037.cl\/web\/wp-json\/wp\/v2\/types\/page"}],"author":[{"embeddable":true,"href":"https:\/\/iran3037.cl\/web\/wp-json\/wp\/v2\/users\/3"}],"replies":[{"embeddable":true,"href":"https:\/\/iran3037.cl\/web\/wp-json\/wp\/v2\/comments?post=957"}],"version-history":[{"count":3,"href":"https:\/\/iran3037.cl\/web\/wp-json\/wp\/v2\/pages\/957\/revisions"}],"predecessor-version":[{"id":18081,"href":"https:\/\/iran3037.cl\/web\/wp-json\/wp\/v2\/pages\/957\/revisions\/18081"}],"wp:featuredmedia":[{"embeddable":true,"href":"https:\/\/iran3037.cl\/web\/wp-json\/wp\/v2\/media\/18078"}],"wp:attachment":[{"href":"https:\/\/iran3037.cl\/web\/wp-json\/wp\/v2\/media?parent=957"}],"curies":[{"name":"wp","href":"https:\/\/api.w.org\/{rel}","templated":true}]}}