{"id":21484,"date":"2026-04-11T15:01:22","date_gmt":"2026-04-11T15:01:22","guid":{"rendered":"https:\/\/iran3037.cl\/web\/?page_id=21484"},"modified":"2026-04-11T15:04:43","modified_gmt":"2026-04-11T15:04:43","slug":"como-llegar-al-sitio-de-memoria-iran-3037","status":"publish","type":"page","link":"https:\/\/iran3037.cl\/web\/como-llegar-al-sitio-de-memoria-iran-3037\/","title":{"rendered":"\u00bfC\u00f3mo llegar al Sitio de Memoria Ir\u00e1n 3037?"},"content":{"rendered":"\n<p>Aqu\u00ed te dejamos un breve v\u00eddeo donde podr\u00e1s ver las distintas maneras de llegar a Ir\u00e1n 3037<\/p>\n\n\n\n<p><\/p>\n\n\n\n<figure class=\"wp-block-embed is-type-video is-provider-youtube wp-block-embed-youtube wp-embed-aspect-9-16 wp-has-aspect-ratio\"><div class=\"wp-block-embed__wrapper\">\n<iframe loading=\"lazy\" title=\"\u00bfC\u00f3mo llegar al Sitio de Memoria Ir\u00e1n 3037?\" width=\"540\" height=\"960\" src=\"https:\/\/www.youtube.com\/embed\/SuMXLVEFa-8?feature=oembed\" frameborder=\"0\" allow=\"accelerometer; autoplay; clipboard-write; encrypted-media; gyroscope; picture-in-picture; web-share\" referrerpolicy=\"strict-origin-when-cross-origin\" allowfullscreen><\/iframe>\n<\/div><\/figure>\n\n\n\t\t\t<div \n\t\t\tclass=\"wp-block-uagb-google-map uagb-google-map__wrap uagb-block-9fd08257     \"\n\t\t\tstyle=\"\" >\n\t\t\t\t<embed\n\t\t\t\t\tclass=\"uagb-google-map__iframe\"\n\t\t\t\t\ttitle=\"Mapa de Google de\"\n\t\t\t\t\tsrc=\"https:\/\/maps.google.com\/maps?q=ir%C3%A1n%203037%2C%20Macul&#038;z=12&#038;hl=es&#038;t=m&#038;output=embed&#038;iwloc=near\"\n\t\t\t\t\twidth=\"640\"\n\t\t\t\t\theight=\"300\"\n\t\t\t\t\tloading=\"lazy\"\n\t\t\t\t><\/embed>\n\t\t\t<\/div>\n\t\t\t\n\n\n<p><\/p>\n","protected":false},"excerpt":{"rendered":"<p>Aqu\u00ed te dejamos un breve v\u00eddeo donde podr\u00e1s ver las distintas maneras de llegar a Ir\u00e1n 3037<\/p>\n","protected":false},"author":3,"featured_media":0,"parent":0,"menu_order":0,"comment_status":"closed","ping_status":"closed","template":"","meta":{"om_disable_all_campaigns":false,"_eb_attr":"","_uag_custom_page_level_css":"","_monsterinsights_skip_tracking":false,"_monsterinsights_sitenote_active":false,"_monsterinsights_sitenote_note":"","_monsterinsights_sitenote_category":0,"iawp_total_views":21,"footnotes":""},"class_list":["post-21484","page","type-page","status-publish","hentry"],"aioseo_notices":[],"uagb_featured_image_src":{"full":false,"thumbnail":false,"medium":false,"medium_large":false,"large":false,"1536x1536":false,"2048x2048":false,"morenews-large":false,"morenews-medium":false},"uagb_author_info":{"display_name":"Editor","author_link":"https:\/\/iran3037.cl\/web\/author\/zeta\/"},"uagb_comment_info":0,"uagb_excerpt":"Aqu\u00ed te dejamos un breve v\u00eddeo donde podr\u00e1s ver las distintas maneras de llegar a Ir\u00e1n 3037","_links":{"self":[{"href":"https:\/\/iran3037.cl\/web\/wp-json\/wp\/v2\/pages\/21484","targetHints":{"allow":["GET"]}}],"collection":[{"href":"https:\/\/iran3037.cl\/web\/wp-json\/wp\/v2\/pages"}],"about":[{"href":"https:\/\/iran3037.cl\/web\/wp-json\/wp\/v2\/types\/page"}],"author":[{"embeddable":true,"href":"https:\/\/iran3037.cl\/web\/wp-json\/wp\/v2\/users\/3"}],"replies":[{"embeddable":true,"href":"https:\/\/iran3037.cl\/web\/wp-json\/wp\/v2\/comments?post=21484"}],"version-history":[{"count":2,"href":"https:\/\/iran3037.cl\/web\/wp-json\/wp\/v2\/pages\/21484\/revisions"}],"predecessor-version":[{"id":21488,"href":"https:\/\/iran3037.cl\/web\/wp-json\/wp\/v2\/pages\/21484\/revisions\/21488"}],"wp:attachment":[{"href":"https:\/\/iran3037.cl\/web\/wp-json\/wp\/v2\/media?parent=21484"}],"curies":[{"name":"wp","href":"https:\/\/api.w.org\/{rel}","templated":true}]}}