{"id":803,"date":"2023-09-22T23:17:41","date_gmt":"2023-09-22T23:17:41","guid":{"rendered":"https:\/\/iran3037.cl\/web\/?post_type=glossary&#038;p=803"},"modified":"2024-02-04T01:17:35","modified_gmt":"2024-02-04T01:17:35","slug":"alegoria-de-la-nacion-quebrada-memoria-emergente-y-narrativa-testimonial-en-una-casa-vacia-de-carlos-cerda-2013","status":"publish","type":"glossary","link":"https:\/\/iran3037.cl\/web\/glossary\/alegoria-de-la-nacion-quebrada-memoria-emergente-y-narrativa-testimonial-en-una-casa-vacia-de-carlos-cerda-2013\/","title":{"rendered":"ALEGOR\u00cdA DE LA NACI\u00d3N QUEBRADA: MEMORIA EMERGENTE Y NARRATIVA TESTIMONIAL EN UNA CASA VAC\u00cdA DE CARLOS CERDA (2013)"},"content":{"rendered":"\n<figure class=\"wp-block-image size-full\"><a href=\"https:\/\/iran3037.cl\/web\/wp-content\/uploads\/2023\/09\/FI-Zumaran-Javiera-pdf.png\"><img loading=\"lazy\" decoding=\"async\" width=\"555\" height=\"423\" src=\"https:\/\/iran3037.cl\/web\/wp-content\/uploads\/2023\/09\/FI-Zumaran-Javiera-pdf.png\" alt=\"\" class=\"wp-image-755\" srcset=\"https:\/\/iran3037.cl\/web\/wp-content\/uploads\/2023\/09\/FI-Zumaran-Javiera-pdf.png 555w, https:\/\/iran3037.cl\/web\/wp-content\/uploads\/2023\/09\/FI-Zumaran-Javiera-pdf-300x229.png 300w, https:\/\/iran3037.cl\/web\/wp-content\/uploads\/2023\/09\/FI-Zumaran-Javiera-pdf-394x300.png 394w\" sizes=\"auto, (max-width: 555px) 100vw, 555px\" \/><\/a><\/figure>\n\n\n\n<p>Autor<br>Zumar\u00e1n Alarc\u00f3n, Javiera;<br>Profesor gu\u00eda<br>Delgado Aburto, Leonel<\/p>\n\n\n\n<p>El recordar, el ejercicio din\u00e1mico de la memoria es un proceso que une al menos dos temporalidades: un pasado y un presente, y el cuestionamiento que nos surge inmediatamente es c\u00f3mo se relacionan, a trav\u00e9s de qu\u00e9 medios, y con qu\u00e9 fin.<br><br>Sin embargo, no podemos olvidarnos de que ese v\u00ednculo no es solamente temporal, sino que tambi\u00e9n es emocional y simb\u00f3lico ya que no une exclusivamente dos hechos, dos actos, sino que une dos memorias que habitan en cuerpos que arrastran otros elementos y que los hacen \u00fanicos por sus experiencias.<br><br>Pero de qu\u00e9 manera podemos acceder a esos recuerdos si nosotros no estuvimos presentes en el otro lugar, c\u00f3mo podemos entender. En el presente trabajo entenderemos que el testimonio es ese elemento que nos permite crear v\u00ednculos con otras temporalidades sin haber sido actores de ellas.<br><br>El testimonio nos abre una puerta y nos entrega una posibilidad \u00fanica de saber, de sentir, de entender y de pensar. Pero tambi\u00e9n debemos asumir que ese discurso est\u00e1 abierto a interpretaciones y depende de las propias lecturas y experiencias que van completando los peque\u00f1os espacios y cargando de nuevas significaciones.<\/p>\n\n\n\n<p>Nota general<\/p>\n\n\n\n<p>Informe de Seminario para optar al grado de Licenciada en Lengua y Literatura Hisp\u00e1nica<\/p>\n\n\n\n<div data-wp-interactive=\"core\/file\" class=\"wp-block-file\"><object data-wp-bind--hidden=\"!state.hasPdfPreview\" hidden class=\"wp-block-file__embed\" data=\"https:\/\/iran3037.cl\/web\/wp-content\/uploads\/2023\/09\/FI-Zumaran-Javiera.pdf\" type=\"application\/pdf\" style=\"width:100%;height:837px\" aria-label=\"Incrustado de FI-Zumaran-Javiera.\"><\/object><a id=\"wp-block-file--media-9bb50923-21e1-4c25-8aa2-9494c4cad96b\" href=\"https:\/\/iran3037.cl\/web\/wp-content\/uploads\/2023\/09\/FI-Zumaran-Javiera.pdf\">FI-Zumaran-Javiera<\/a><a href=\"https:\/\/iran3037.cl\/web\/wp-content\/uploads\/2023\/09\/FI-Zumaran-Javiera.pdf\" class=\"wp-block-file__button wp-element-button\" download aria-describedby=\"wp-block-file--media-9bb50923-21e1-4c25-8aa2-9494c4cad96b\">Descarga<\/a><\/div>\n","protected":false},"excerpt":{"rendered":"<p>AutorZumar\u00e1n Alarc\u00f3n, Javiera;Profesor gu\u00edaDelgado Aburto, Leonel El recordar, el ejercicio din\u00e1mico de la memoria es un proceso que<\/p>\n","protected":false},"author":3,"featured_media":755,"parent":0,"template":"","glossary-cat":[13,14],"class_list":["post-803","glossary","type-glossary","status-publish","has-post-thumbnail","hentry","glossary-cat-documentacion","glossary-cat-tesis"],"aioseo_notices":[],"uagb_featured_image_src":{"full":["https:\/\/iran3037.cl\/web\/wp-content\/uploads\/2023\/09\/FI-Zumaran-Javiera-pdf.png",555,423,false],"thumbnail":["https:\/\/iran3037.cl\/web\/wp-content\/uploads\/2023\/09\/FI-Zumaran-Javiera-pdf-150x150.png",150,150,true],"medium":["https:\/\/iran3037.cl\/web\/wp-content\/uploads\/2023\/09\/FI-Zumaran-Javiera-pdf-300x229.png",300,229,true],"medium_large":["https:\/\/iran3037.cl\/web\/wp-content\/uploads\/2023\/09\/FI-Zumaran-Javiera-pdf.png",555,423,false],"large":["https:\/\/iran3037.cl\/web\/wp-content\/uploads\/2023\/09\/FI-Zumaran-Javiera-pdf.png",555,423,false],"1536x1536":["https:\/\/iran3037.cl\/web\/wp-content\/uploads\/2023\/09\/FI-Zumaran-Javiera-pdf.png",555,423,false],"2048x2048":["https:\/\/iran3037.cl\/web\/wp-content\/uploads\/2023\/09\/FI-Zumaran-Javiera-pdf.png",555,423,false],"morenews-large":["https:\/\/iran3037.cl\/web\/wp-content\/uploads\/2023\/09\/FI-Zumaran-Javiera-pdf.png",555,423,false],"morenews-medium":["https:\/\/iran3037.cl\/web\/wp-content\/uploads\/2023\/09\/FI-Zumaran-Javiera-pdf.png",538,410,false]},"uagb_author_info":{"display_name":"Editor","author_link":"https:\/\/iran3037.cl\/web\/author\/zeta\/"},"uagb_comment_info":0,"uagb_excerpt":"AutorZumar\u00e1n Alarc\u00f3n, Javiera;Profesor gu\u00edaDelgado Aburto, Leonel El recordar, el ejercicio din\u00e1mico de la memoria es un proceso que","_links":{"self":[{"href":"https:\/\/iran3037.cl\/web\/wp-json\/wp\/v2\/glossary\/803","targetHints":{"allow":["GET"]}}],"collection":[{"href":"https:\/\/iran3037.cl\/web\/wp-json\/wp\/v2\/glossary"}],"about":[{"href":"https:\/\/iran3037.cl\/web\/wp-json\/wp\/v2\/types\/glossary"}],"author":[{"embeddable":true,"href":"https:\/\/iran3037.cl\/web\/wp-json\/wp\/v2\/users\/3"}],"version-history":[{"count":2,"href":"https:\/\/iran3037.cl\/web\/wp-json\/wp\/v2\/glossary\/803\/revisions"}],"predecessor-version":[{"id":814,"href":"https:\/\/iran3037.cl\/web\/wp-json\/wp\/v2\/glossary\/803\/revisions\/814"}],"wp:featuredmedia":[{"embeddable":true,"href":"https:\/\/iran3037.cl\/web\/wp-json\/wp\/v2\/media\/755"}],"wp:attachment":[{"href":"https:\/\/iran3037.cl\/web\/wp-json\/wp\/v2\/media?parent=803"}],"wp:term":[{"taxonomy":"glossary-cat","embeddable":true,"href":"https:\/\/iran3037.cl\/web\/wp-json\/wp\/v2\/glossary-cat?post=803"}],"curies":[{"name":"wp","href":"https:\/\/api.w.org\/{rel}","templated":true}]}}

ALEGORÍA DE LA NACIÓN QUEBRADA: MEMORIA EMERGENTE Y NARRATIVA TESTIMONIAL EN UNA CASA VACÍA DE CARLOS CERDA (2013)

<figure class="wp-block-image size-full"><a href="https://iran3037.cl/web/wp-content/uploads/2023/09/FI-Zumaran-Javiera-pdf.png"><img loading="lazy" decoding="async" width="555" height="423" src="https://iran3037.cl/web/wp-content/uploads/2023/09/FI-Zumaran-Javiera-pdf.png" alt="" class="wp-image-755" srcset="https://iran3037.cl/web/wp-content/uploads/2023/09/FI-Zumaran-Javiera-pdf.png 555w, https://iran3037.cl/web/wp-content/uploads/2023/09/FI-Zumaran-Javiera-pdf-300x229.png 300w, https://iran3037.cl/web/wp-content/uploads/2023/09/FI-Zumaran-Javiera-pdf-394x300.png 394w" sizes="auto, (max-width: 555px) 100vw, 555px" /></a></figure>



<p>Autor<br>Zumarán Alarcón, Javiera;<br>Profesor guía<br>Delgado Aburto, Leonel</p>



<p>El recordar, el ejercicio dinámico de la memoria es un proceso que une al menos dos temporalidades: un pasado y un presente, y el cuestionamiento que nos surge inmediatamente es cómo se relacionan, a través de qué medios, y con qué fin.<br><br>Sin embargo, no podemos olvidarnos de que ese vínculo no es solamente temporal, sino que también es emocional y simbólico ya que no une exclusivamente dos hechos, dos actos, sino que une dos memorias que habitan en cuerpos que arrastran otros elementos y que los hacen únicos por sus experiencias.<br><br>Pero de qué manera podemos acceder a esos recuerdos si nosotros no estuvimos presentes en el otro lugar, cómo podemos entender. En el presente trabajo entenderemos que el testimonio es ese elemento que nos permite crear vínculos con otras temporalidades sin haber sido actores de ellas.<br><br>El testimonio nos abre una puerta y nos entrega una posibilidad única de saber, de sentir, de entender y de pensar. Pero también debemos asumir que ese discurso está abierto a interpretaciones y depende de las propias lecturas y experiencias que van completando los pequeños espacios y cargando de nuevas significaciones.</p>



<p>Nota general</p>



<p>Informe de Seminario para optar al grado de Licenciada en Lengua y Literatura Hispánica</p>



<div data-wp-interactive="core/file" class="wp-block-file"><object data-wp-bind--hidden="!state.hasPdfPreview" hidden class="wp-block-file__embed" data="https://iran3037.cl/web/wp-content/uploads/2023/09/FI-Zumaran-Javiera.pdf" type="application/pdf" style="width:100%;height:837px" aria-label="Incrustado de FI-Zumaran-Javiera."></object><a id="wp-block-file--media-9bb50923-21e1-4c25-8aa2-9494c4cad96b" href="https://iran3037.cl/web/wp-content/uploads/2023/09/FI-Zumaran-Javiera.pdf">FI-Zumaran-Javiera</a><a href="https://iran3037.cl/web/wp-content/uploads/2023/09/FI-Zumaran-Javiera.pdf" class="wp-block-file__button wp-element-button" download aria-describedby="wp-block-file--media-9bb50923-21e1-4c25-8aa2-9494c4cad96b">Descarga</a></div>

<p>AutorZumarán Alarcón, Javiera;Profesor guíaDelgado Aburto, Leonel El recordar, el ejercicio dinámico de la memoria es un proceso que</p>

AutorZumarán Alarcón, Javiera;Profesor guíaDelgado Aburto, Leonel El recordar, el ejercicio dinámico de la memoria es un proceso que
