{"id":214,"date":"2023-08-18T16:55:53","date_gmt":"2023-08-18T16:55:53","guid":{"rendered":"https:\/\/iran3037.cl\/web\/?post_type=glossary&#038;p=214"},"modified":"2025-07-10T16:50:38","modified_gmt":"2025-07-10T16:50:38","slug":"jorge-hernan-muller-silva","status":"publish","type":"glossary","link":"https:\/\/iran3037.cl\/web\/glossary\/jorge-hernan-muller-silva\/","title":{"rendered":"JORGE HERN\u00c1N M\u00dcLLER SILVA"},"content":{"rendered":"\n<figure class=\"wp-block-image size-full is-resized\"><a href=\"https:\/\/iran3037.cl\/web\/wp-content\/uploads\/2023\/08\/mller_silva_jorge_hernn.png\"><img loading=\"lazy\" decoding=\"async\" src=\"https:\/\/iran3037.cl\/web\/wp-content\/uploads\/2023\/08\/mller_silva_jorge_hernn.png\" alt=\"\" class=\"wp-image-215\" style=\"width:431px;height:554px\" width=\"431\" height=\"554\" srcset=\"https:\/\/iran3037.cl\/web\/wp-content\/uploads\/2023\/08\/mller_silva_jorge_hernn.png 661w, https:\/\/iran3037.cl\/web\/wp-content\/uploads\/2023\/08\/mller_silva_jorge_hernn-233x300.png 233w\" sizes=\"auto, (max-width: 431px) 100vw, 431px\" \/><\/a><\/figure>\n\n\n\n<p>Rut : 5.520.349-0<br>Fecha secuestro : 29-11-1974<br>Lugar secuestro : Santiago<br>Fecha Nacimiento : 10-01-1947 Edad : 27<br>Lugar Nacimiento : Santiago<br>Actividad Pol\u00edtica : Movimiento de Izquierda Revolucionaria (MIR)<br>Actividad : Cineasta<br>Estado Civil e Hijos : Soltero<br>Nacionalidad : chilena<\/p>\n\n\n\n<p>El 29 de noviembre de 1974, <a href=\"https:\/\/iran3037.cl\/web\/glossary\/carmen-bueno-cifuentes\/\">Carmen Cecilia Bueno Cifuentes<\/a> y su novio, Jorge Hern\u00e1n M\u00fcller Silva, ambos cineastas y militantes del MIR, fueron secuestrados en la v\u00eda p\u00fablica por civiles en una camioneta. <\/p>\n\n\n\n<p>Ambos j\u00f3venes hab\u00edan participado en la noche anterior en el estreno de la pel\u00edcula \u201cA la Sombra del Sol\u201d en el cine Las Condes, ya que formaron parte del equipo de filmaci\u00f3n de la cinta.<\/p>\n\n\n\n<p>M\u00fcller era, adem\u00e1s, uno de los m\u00e1s destacados camar\u00f3grafos de su \u00e9poca y hab\u00eda participado en la grabaci\u00f3n del documental \u201cLa Batalla de Chile\u201d, de Patricio Guzm\u00e1n, que retrataba el Chile de la Unidad Popular y la campa\u00f1a presidencial de Salvador Allende, y que se ha convertido en uno de los trabajos del cine m\u00e1s premiados a nivel internacional.<\/p>\n\n\n\n<p>Al momento de su detenci\u00f3n, la pareja estaba trabajando en la filmaci\u00f3n del \u00abA\u00f1o Santo chileno\u00bb, evento que se realiz\u00f3 d\u00edas antes de su arresto en el Templo Votivo Maip\u00fa y que hab\u00eda sido organizado por la Conferencia Episcopal de Chile.<\/p>\n\n\n\n<p>La detenci\u00f3n tuvo lugar en la calle Bilbao con Los Leones, cerca de las 9:30-10:00 horas. Posteriormente, fueron llevados al centro de detenci\u00f3n secreto de la DINA conocido como Villa Grimaldi, donde fueron sometidos a torturas. Los testigos relatan su permanencia en este lugar y su comunicaci\u00f3n mediante se\u00f1as. <\/p>\n\n\n\n<p>El 18 de diciembre de 1974, ambos fueron sacados del centro de detenci\u00f3n y no se volvi\u00f3 a tener noticias de ellos. Se presume que fueron v\u00edctimas de desaparici\u00f3n forzada a manos de agentes del Estado. A pesar de los intentos de encubrimiento por parte del gobierno militar, las evidencias y testimonios respaldan su secuestro y desaparici\u00f3n.<\/p>\n\n\n\n<p><strong>M\u00c1S INFORMACI\u00d3N <a href=\"https:\/\/memoriaviva.com\/nuevaweb\/detenidos-desaparecidos\/desaparecidos-m\/muller-silva-jorge-hernan\/\">AC\u00c1<\/a><\/strong><\/p>\n\n\n\n<p>_____________________<\/p>\n\n\n\n<h2 class=\"wp-block-heading\">MAQUI<\/h2>\n\n\n\n<h1 class=\"wp-block-heading\">Aristotelia chilensis<\/h1>\n\n\n\n<p>El Maqui es un \u00e1rbol considerado un s\u00edmbolo de intenci\u00f3n pac\u00edfica y ben\u00e9vola para el pueblo mapuche. Por este motivo, honrando nuestras ra\u00edces ancestrales, es que se hace parte en esta ceremonia de conmemoraci\u00f3n tras los 50 a\u00f1os del Golpe de Estado, representando a cada una de las personas que sufrieron durante la Dictadura en Ir\u00e1n 3037 y en la comuna de Macul, como un elemento de sanaci\u00f3n y un s\u00edmbolo de paz.<\/p>\n\n\n\n<p>Se trata de un \u00e1rbol o arbusto siempreverde nativo de Chile, que alcanza de 3 a 4 metros de altura. Sus flores son peque\u00f1as y amarillentas. Su fruto es una baya de color violeta oscuro y brillante, es comestible y tiene un sabor dulce. Prefiere lugares h\u00famedos y sombr\u00edos para vivir. Sin embargo, tolera diferentes tipos de suelos y puede plantarse a pleno sol, necesitando riego mediano, adapt\u00e1ndose a las condiciones de su entorno. Es una especie noble para combatir la erosi\u00f3n de los suelos.<\/p>\n\n\n\n<p>Es considerada una planta medicinal con propiedades antiinflamatorias, antiespasm\u00f3dicas, astringentes, y analg\u00e9sicas, por lo que es eficaz para aliviar, por ejemplo: dolor de garganta, inflamaci\u00f3n de las am\u00edgdalas, curaci\u00f3n de heridas, diarreas. Se puede utilizar el jugo fresco de las hojas ya sea al interior o en forma t\u00f3pica.<\/p>\n\n\n\n<figure class=\"wp-block-image size-full\"><a href=\"https:\/\/iran3037.cl\/web\/wp-content\/uploads\/2023\/08\/Captura_de_pantalla_2023-08-21_13.54.26-removebg-preview.png\"><img loading=\"lazy\" decoding=\"async\" width=\"459\" height=\"408\" src=\"https:\/\/iran3037.cl\/web\/wp-content\/uploads\/2023\/08\/Captura_de_pantalla_2023-08-21_13.54.26-removebg-preview.png\" alt=\"\" class=\"wp-image-297\" srcset=\"https:\/\/iran3037.cl\/web\/wp-content\/uploads\/2023\/08\/Captura_de_pantalla_2023-08-21_13.54.26-removebg-preview.png 459w, https:\/\/iran3037.cl\/web\/wp-content\/uploads\/2023\/08\/Captura_de_pantalla_2023-08-21_13.54.26-removebg-preview-300x267.png 300w\" sizes=\"auto, (max-width: 459px) 100vw, 459px\" \/><\/a><\/figure>\n","protected":false},"excerpt":{"rendered":"<p>Rut : 5.520.349-0Fecha secuestro : 29-11-1974Lugar secuestro : SantiagoFecha Nacimiento : 10-01-1947 Edad : 27Lugar Nacimiento : SantiagoActividad<\/p>\n","protected":false},"author":2,"featured_media":0,"parent":0,"template":"","glossary-cat":[2],"class_list":["post-214","glossary","type-glossary","status-publish","hentry","glossary-cat-iran-30370"],"aioseo_notices":[],"uagb_featured_image_src":{"full":false,"thumbnail":false,"medium":false,"medium_large":false,"large":false,"1536x1536":false,"2048x2048":false,"morenews-large":false,"morenews-medium":false},"uagb_author_info":{"display_name":"c2501764","author_link":"https:\/\/iran3037.cl\/web\/author\/c2501764\/"},"uagb_comment_info":0,"uagb_excerpt":"Rut : 5.520.349-0Fecha secuestro : 29-11-1974Lugar secuestro : SantiagoFecha Nacimiento : 10-01-1947 Edad : 27Lugar Nacimiento : SantiagoActividad","_links":{"self":[{"href":"https:\/\/iran3037.cl\/web\/wp-json\/wp\/v2\/glossary\/214","targetHints":{"allow":["GET"]}}],"collection":[{"href":"https:\/\/iran3037.cl\/web\/wp-json\/wp\/v2\/glossary"}],"about":[{"href":"https:\/\/iran3037.cl\/web\/wp-json\/wp\/v2\/types\/glossary"}],"author":[{"embeddable":true,"href":"https:\/\/iran3037.cl\/web\/wp-json\/wp\/v2\/users\/2"}],"version-history":[{"count":4,"href":"https:\/\/iran3037.cl\/web\/wp-json\/wp\/v2\/glossary\/214\/revisions"}],"predecessor-version":[{"id":341,"href":"https:\/\/iran3037.cl\/web\/wp-json\/wp\/v2\/glossary\/214\/revisions\/341"}],"wp:attachment":[{"href":"https:\/\/iran3037.cl\/web\/wp-json\/wp\/v2\/media?parent=214"}],"wp:term":[{"taxonomy":"glossary-cat","embeddable":true,"href":"https:\/\/iran3037.cl\/web\/wp-json\/wp\/v2\/glossary-cat?post=214"}],"curies":[{"name":"wp","href":"https:\/\/api.w.org\/{rel}","templated":true}]}}

JORGE HERNÁN MÜLLER SILVA

<figure class="wp-block-image size-full is-resized"><a href="https://iran3037.cl/web/wp-content/uploads/2023/08/mller_silva_jorge_hernn.png"><img loading="lazy" decoding="async" src="https://iran3037.cl/web/wp-content/uploads/2023/08/mller_silva_jorge_hernn.png" alt="" class="wp-image-215" style="width:431px;height:554px" width="431" height="554" srcset="https://iran3037.cl/web/wp-content/uploads/2023/08/mller_silva_jorge_hernn.png 661w, https://iran3037.cl/web/wp-content/uploads/2023/08/mller_silva_jorge_hernn-233x300.png 233w" sizes="auto, (max-width: 431px) 100vw, 431px" /></a></figure>



<p>Rut : 5.520.349-0<br>Fecha secuestro : 29-11-1974<br>Lugar secuestro : Santiago<br>Fecha Nacimiento : 10-01-1947 Edad : 27<br>Lugar Nacimiento : Santiago<br>Actividad Política : Movimiento de Izquierda Revolucionaria (MIR)<br>Actividad : Cineasta<br>Estado Civil e Hijos : Soltero<br>Nacionalidad : chilena</p>



<p>El 29 de noviembre de 1974, <a href="https://iran3037.cl/web/glossary/carmen-bueno-cifuentes/">Carmen Cecilia Bueno Cifuentes</a> y su novio, Jorge Hernán Müller Silva, ambos cineastas y militantes del MIR, fueron secuestrados en la vía pública por civiles en una camioneta. </p>



<p>Ambos jóvenes habían participado en la noche anterior en el estreno de la película “A la Sombra del Sol” en el cine Las Condes, ya que formaron parte del equipo de filmación de la cinta.</p>



<p>Müller era, además, uno de los más destacados camarógrafos de su época y había participado en la grabación del documental “La Batalla de Chile”, de Patricio Guzmán, que retrataba el Chile de la Unidad Popular y la campaña presidencial de Salvador Allende, y que se ha convertido en uno de los trabajos del cine más premiados a nivel internacional.</p>



<p>Al momento de su detención, la pareja estaba trabajando en la filmación del «Año Santo chileno», evento que se realizó días antes de su arresto en el Templo Votivo Maipú y que había sido organizado por la Conferencia Episcopal de Chile.</p>



<p>La detención tuvo lugar en la calle Bilbao con Los Leones, cerca de las 9:30-10:00 horas. Posteriormente, fueron llevados al centro de detención secreto de la DINA conocido como Villa Grimaldi, donde fueron sometidos a torturas. Los testigos relatan su permanencia en este lugar y su comunicación mediante señas. </p>



<p>El 18 de diciembre de 1974, ambos fueron sacados del centro de detención y no se volvió a tener noticias de ellos. Se presume que fueron víctimas de desaparición forzada a manos de agentes del Estado. A pesar de los intentos de encubrimiento por parte del gobierno militar, las evidencias y testimonios respaldan su secuestro y desaparición.</p>



<p><strong>MÁS INFORMACIÓN <a href="https://memoriaviva.com/nuevaweb/detenidos-desaparecidos/desaparecidos-m/muller-silva-jorge-hernan/">ACÁ</a></strong></p>



<p>_____________________</p>



<h2 class="wp-block-heading">MAQUI</h2>



<h1 class="wp-block-heading">Aristotelia chilensis</h1>



<p>El Maqui es un árbol considerado un símbolo de intención pacífica y benévola para el pueblo mapuche. Por este motivo, honrando nuestras raíces ancestrales, es que se hace parte en esta ceremonia de conmemoración tras los 50 años del Golpe de Estado, representando a cada una de las personas que sufrieron durante la Dictadura en Irán 3037 y en la comuna de Macul, como un elemento de sanación y un símbolo de paz.</p>



<p>Se trata de un árbol o arbusto siempreverde nativo de Chile, que alcanza de 3 a 4 metros de altura. Sus flores son pequeñas y amarillentas. Su fruto es una baya de color violeta oscuro y brillante, es comestible y tiene un sabor dulce. Prefiere lugares húmedos y sombríos para vivir. Sin embargo, tolera diferentes tipos de suelos y puede plantarse a pleno sol, necesitando riego mediano, adaptándose a las condiciones de su entorno. Es una especie noble para combatir la erosión de los suelos.</p>



<p>Es considerada una planta medicinal con propiedades antiinflamatorias, antiespasmódicas, astringentes, y analgésicas, por lo que es eficaz para aliviar, por ejemplo: dolor de garganta, inflamación de las amígdalas, curación de heridas, diarreas. Se puede utilizar el jugo fresco de las hojas ya sea al interior o en forma tópica.</p>



<figure class="wp-block-image size-full"><a href="https://iran3037.cl/web/wp-content/uploads/2023/08/Captura_de_pantalla_2023-08-21_13.54.26-removebg-preview.png"><img loading="lazy" decoding="async" width="459" height="408" src="https://iran3037.cl/web/wp-content/uploads/2023/08/Captura_de_pantalla_2023-08-21_13.54.26-removebg-preview.png" alt="" class="wp-image-297" srcset="https://iran3037.cl/web/wp-content/uploads/2023/08/Captura_de_pantalla_2023-08-21_13.54.26-removebg-preview.png 459w, https://iran3037.cl/web/wp-content/uploads/2023/08/Captura_de_pantalla_2023-08-21_13.54.26-removebg-preview-300x267.png 300w" sizes="auto, (max-width: 459px) 100vw, 459px" /></a></figure>
